Is 8861 a composite number?
False
Is 125591 a composite number?
False
Is 859097 composite?
True
Is 24331 a composite number?
True
Is 251099 a composite number?
False
Is 666859 prime?
False
Is 745 composite?
True
Is 27619 composite?
True
Is 7621 prime?
True
Is 37799 composite?
False
Is 4327 a prime number?
True
Is 5669 a composite number?
False
Is 34231 prime?
True
Is 1721 a prime number?
True
Is 30773 composite?
False
Is 3365 composite?
True
Is 2503 a prime number?
True
Is 463387 a composite number?
False
Is 80005 a composite number?
True
Is 72589 a composite number?
True
Is 3356401 a prime number?
False
Is 64511 a composite number?
True
Is 80269 a composite number?
True
Is 431327 a prime number?
False
Is 12151 a composite number?
True
Is 7151 a composite number?
False
Is 135841 a prime number?
True
Is 37909 a prime number?
False
Is 70289 prime?
True
Is 147677 a composite number?
True
Is 287642 composite?
True
Is 13781 a prime number?
True
Is 377963 a composite number?
False
Is 74243 a prime number?
False
Is 45119 composite?
False
Is 10537 composite?
True
Is 48973 a composite number?
False
Is 64318 a composite number?
True
Is 6913 composite?
True
Is 6841 a prime number?
True
Is 15613 prime?
False
Is 399661 prime?
False
Is 8977 a prime number?
False
Is 70111 a prime number?
True
Is 5923 prime?
True
Is 129547 a composite number?
True
Is 26294 composite?
True
Is 1375637 prime?
True
Is 85037 a composite number?
False
Is 11599 composite?
True
Is 13989 prime?
False
Is 20103 prime?
False
Is 1813847 a composite number?
True
Is 25613 composite?
True
Is 256093 a composite number?
False
Is 147011 a composite number?
False
Is 22303 a prime number?
True
Is 9131 a composite number?
True
Is 28097 a prime number?
True
Is 466409 a prime number?
True
Is 3251 prime?
True
Is 22547 a composite number?
True
Is 180617 a prime number?
True
Is 1141459 a prime number?
False
Is 56767 prime?
True
Is 22249 a prime number?
False
Is 9722 a prime number?
False
Is 118857 a prime number?
False
Is 614503 a prime number?
True
Is 2125313 a prime number?
True
Is 4171151 prime?
True
Is 3719 composite?
False
Is 7914385 a prime number?
False
Is 547871 a composite number?
False
Is 23251 a prime number?
True
Is 139813 composite?
False
Is 122099 a prime number?
True
Is 29077 a composite number?
False
Is 443 a composite number?
False
Is 126733 prime?
True
Is 6217 a prime number?
True
Is 134231 a composite number?
True
Is 45641 a composite number?
False
Is 57643 prime?
False
Is 81749 a composite number?
False
Is 63463 prime?
True
Is 59027 prime?
False
Is 179503 a composite number?
True
Is 145941 a prime number?
False
Is 761 prime?
True
Is 42191 composite?
True
Is 54721 a composite number?
False
Is 1140511 composite?
True
Is 3639 composite?
True
Is 30959 prime?
False
Is 1394593 prime?
False
Is 321679 a composite number?
False
Is 330899 a composite number?
False
Is 102347 composite?
True
Is 6979 a prime number?
False
Is 1109 a composite number?
False
Is 1543 a prime number?
True
Is 45943 composite?
False
Is 51833 prime?
False
Is 60871 a composite number?
True
Is 2323 a prime number?
False
Is 398771 prime?
True
Is 456149 prime?
True
Is 304429 composite?
False
Is 152123 prime?
True
Is 30607 prime?
False
Is 3163 composite?
False
Is 11065 a composite number?
True
Is 36973 a prime number?
True
Is 1437 a prime number?
False
Is 673 a composite number?
False
Is 2519407 a prime number?
False
Is 27941 prime?
True
Is 2017 a prime number?
True
Is 334931 prime?
True
Is 13841 composite?
False
Is 305441 composite?
False
Is 7041 prime?
False
Is 151967 composite?
False
Is 83773 prime?
True
Is 517 composite?
True
Is 3197 prime?
False
Is 1073 prime?
False
Is 151535 composite?
True
Is 21953 a composite number?
True
Is 746941 a prime number?
False
Is 37571 composite?
False
Is 336367 a prime number?
False
Is 37399 a composite number?
True
Is 5462 composite?
True
Is 1234021 a prime number?
False
Is 22247 a prime number?
True
Is 9239 prime?
True
Is 11239 composite?
False
Is 5837189 composite?
False
Is 6463 prime?
False
Is 11311 a composite number?
False
Is 136481 a prime number?
True
Is 21709 prime?
False
Is 12569 a composite number?
False
Is 751 a composite number?
False
Is 1001582 composite?
True
Is 452131 composite?
False
Is 6166 a prime number?
False
Is 8885 composite?
True
Is 10301 a prime number?
True
Is 346867 a prime number?
True
Is 12521 a composite number?
True
Is 132293 a composite number?
True
Is 135559 a prime number?
True
Is 28981 a prime number?
False
Is 955 composite?
True
Is 1040981 composite?
False
Is 3221 a composite number?
False
Is 10289 a prime number?
True
Is 376283 composite?
False
Is 9263 a prime number?
False
Is 91687 a prime number?
False
Is 725579 composite?
False
Is 29663 composite?
False
Is 23857 a prime number?
True
Is 1481 a prime number?
True
Is 30202 a composite number?
True
Is 203695 prime?
False
Is 1379 composite?
True
Is 37031 a prime number?
False
Is 1560407 composite?
False
Is 888959 a prime number?
True
Is 42239 a prime number?
True
Is 5563 a prime number?
True
Is 22205 a composite number?
True
Is 1253 a composite number?
True
Is 36761 composite?
False
Is 8849 a composite number?
False
Is 11105 composite?
True
Is 269129 a prime number?
False
Is 939287 a composite number?
False
Is 6353 a composite number?
False
Is 23015 a prime number?
False
Is 1829 a composite number?
True
Is 2767 a composite number?
False
Is 331663 a composite number?
False
Is 62378 prime?
False
Is 14591 prime?
True
Is 475181 a prime number?
False
Is 50207 a prime number?
True
Is 9391 composite?
False
Is 152501 a prime number?
True
Is 463093 a prime number?
True
Is 16579 composite?
True
Is 48407 a composite number?
False
Is 108107 composite?
False
Is 188749 composite?
True
Is 147851 a prime number?
False
Is 9023 composite?
True
Is 582997 prime?
False
Is 17311 a prime number?
False
Is 1116257 a composite number?
False
Is 122566 a composite number?
True
Is 16111 composite?
False
Is 23757 composite?
True
Is 4397 a composite number?
False
Is 87383 a composite number?
False
Is 418981 prime?
True
Is 506762 prime?
False
Is 2179 prime?
True
Is 921 a prime number?
False
Is 1093633 composite?
False
Is 64198 prime?
False
Is 36761 a prime number?
True
Is 177746 a prime number?
False
Is 61127 composite?
True
Is 435529 composite?
False
Is 185903 a composite number?
False
Is 1534321 prime?
True
Is 557 prime?
True
Is 20954 composite?
True
Is 361577 a composite number?
False
Is 429929 a composite number?
False
Is 106531 a prime number?
True
Is 7435 prime?
False
Is 39281 a composite number?
True
Is 22189 a prime number?
True
Is 981317 a composite number?
True
Is 3071 a prime number?
False
Is 39099 a prime number?
False
Is 115309 a composite number?
False
Is 37119 composite?
True
Is 5631 composite?
True
Is 50187 a prime number?
False
Is 18839 composite?
False
Is 6563 a prime number?
True
Is 68047 prime?
False
Is 76331 a composite number?
True
Is 19883 a composite number?
True
Is 1979 prime?
True
Is 53681 a prime number?
True
Is 9411 prime?
False
Is 966599 composite?
True
Is 2831 composite?
True
Is 2312789 a prime number?
True
Is 323006 a composite number?
True
Is 1381 a composite number?
False
Is 12981 composite?
True
Is 4751 a prime number?
True
Is 8509 a prime number?
False
Is 1347 a prime number?
False
Is 93593 prime?
False
Is 7807 a prime number?
False
Is 3947 composite?
False
Is 1493483 composite?
False
Is 13093 a prime number?
True
Is 328213 a prime number?
True
Is 189757 prime?
True
Is 46301 prime?
True
Is 168341 composite?
True
Is 13367 prime?
True
Is 506047 prime?
True
Is 2131449 a prime number?
False
Is 129 prime?
False
Is 9271 a composite number?
True
Is 240341 prime?
True
Is 1145269 composite?
False
Is 65233 a prime number?
False
Is 2543 a composite number?
False
Is 7901 composite?
False
Is 282349 composite?
False
Is 12013 a prime number?
False
Is 78586 prime?
False
Is 117121 a composite number?
True
Is 529973 composite?
False
Is 28693 composite?
True
Is 3137 prime?
True
Is 150517 prime?
True
Is 3389 a composite number?
False
Is 332393 a prime number?
True
Is 1343 a prime number?
False
Is 5035402 prime?
False
Is 2221 a prime number?
True
Is 125351 a prime number?
False
Is 305293 composite?
True
Is 47449 prime